 - 8 + 2*s + 2 - 2*s**2. Give a(b).
-18
Let c(q) = -599 + 1797 + 22*q - 597 - 2*q**2 - 589. Calculate c(11).
12
Let q = -124 - -135. Suppose q*z = 19*z - 40. Let p(r) = 5 - r - z + 14. Calculate p(7).
7
Let q(v) = v - 13. Let s(d) = -d**2 - 9*d + 22. Let t be s(-9). Suppose -20*c - t = -2. Let z(f) = -f + 7. Let j be z(c). Give q(j).
-5
Let g(k) = 8*k - 25. Let m be g(13). Let y = 75 - m. Let l(r) = -1. Let w(j) = -j - 13. Let h(v) = y*l(v) + w(v). What is h(-9)?
0
Let p(f) be the second derivative of -f**4/4 - f**3/6 + 3*f**2/2 - 1189*f. What is p(-4)?
-41
Let j(w) be the third derivative of w**6/120 - 2*w**5/15 - w**4/3 + w**3/3 - 1533*w**2. What is j(9)?
11
Suppose 4*c + 92 = 4*r, 0 = 11*r - 9*r + 2*c - 30. Let k(a) = -45*a + 52*a + 3 - r*a. Give k(4).
-45
Let r(j) be the second derivative of j**4/12 + j**3 + j**2/2 + 173*j. Let i = 15 - -3. Suppose 0 = n - 4*n - i. Determine r(n).
1
Suppose 0 = 5*d - w + 434, -d - 2*w + 346 = -5*d. Let o = d - -87. Let r(x) = -x**3 + x**2 - x + 25. What is r(o)?
25
Let r(j) = -2*j**2 - 12*j + 1. Let i(u) = -5*u**2 - 25*u + 2. Let p = 56 + -49. Let f be p/(-3 + 2) + 0. Let c(s) = f*r(s) + 3*i(s). What is c(9)?
-1
Let h(c) = 5*c**3 - 23*c + 2*c**3 - 4*c**3 + 27*c + 2*c**2 + 1 - 6*c. Give h(2).
29
Let z(q) = q**3 + 4*q**2 - 6*q - 5. Let p(g) be the second derivative of -2*g**3 + 11*g**2/2 + 29*g. Let d be p(-8). Let x = d + -112. Give z(x).
0
Suppose -2 = -m - 8. Let n(a) = -5*a - 2. Let d(g) = g. Let h(v) = m*d(v) - n(v). Calculate h(-3).
5
Let b = 1 - 0. Suppose -h + 2*l = -8, 0 = h - 4*h - 2*l. Let m(c) = -c + 2*c - 334 + 0*c**2 + 333 - 8*c**h. Give m(b).
-8
Let d(s) = s + 14. Suppose 2*q + 10 = 12*q. Let u be (-18)/(q/(10/55) + -4). Give d(u).
2
Let i(t) = -3 + 0 + t + 3*t**2 + 2*t. Let k(m) = m**3 + 5*m**2 + 33. Suppose r - 2*f + 14 = 0, 10*r - f = -49 - 15. Let x be k(r). Give i(x).
15
Suppose -2*r + 74 = 8*n, n - 20 + 4 = 2*r. Let x(l) = l**2 - 4*l + 18. Give x(n).
78
Let f(a) be the first derivative of 20*a + 2*a**2 + 1/2*a**3 + 1/12*a**4 + 10. Let d(l) be the first derivative of f(l). Determine d(-4).
8
Let z = -4261 + 4256. Let t(c) = 27*c**2 + 134*c. Calculate t(z).
5
Let q(l) = l - 5. Let k = -43 + 50. Suppose -k*x = -3*x + 4*g + 136, -4*x - 2*g - 144 = 0. Let o be (-1)/(x/(-10) - 4). Calculate q(o).
0
Suppose 4*p = 10 - 2. Let l(d) = -d - 2 + 5*d**p - 3 + 3 - d. Suppose b + 4*j = -2, -146*j = -4*b - 147*j + 7. Calculate l(b).
14
Let n(w) be the third derivative of -w**5/60 - w**4/6 - 4*w**3/3 - w**2 - 2*w - 837. Give n(-3).
-5
Let a(y) = -8*y**2 + 30*y + 27. Let i(v) = -6*v - 4*v - 9 + 9*v**2 - 6*v**2 + 0*v. Let c(u) = 4*a(u) + 11*i(u). Calculate c(-11).
20
Let i(f) be the first derivative of f**3/3 + 2*f**2 + 10*f + 4477. Give i(-10).
70
Let x(b) = -2*b**3 + 3*b**2 + b - 1. Let r = 368 - -190. Let o be (2/(-12))/((-31)/r). What is x(o)?
-25
Let o(a) = 436*a - 421*a + 0 + 4. Let m(v) = 13*v - 9 - 2 - 10 + 26. Let r(x) = 7*m(x) - 6*o(x). Give r(-6).
5
Let q(a) = -a**2 + 7*a - 5. Let m be q(4). Let n = -11 + m. Let r(k) = k - 2. Let g(s) = 3. Let t(j) = -3*g(j) - 4*r(j). What is t(n)?
15
Let q(a) = 12*a - 5612 + 5609 - 5*a + 6*a**2 - 2*a. What is q(1)?
8
Let k(d) be the second derivative of -1/12*d**4 + 0*d**3 - 6*d + 0 - 3*d**2. Suppose 0*g + 4*g = 3*g. Calculate k(g).
-6
Let x(r) be the second derivative of -r**4/12 + 19*r**3/6 - 5*r**2/2 + 35*r + 7. Suppose 0 = h - 8 - 10. Give x(h).
13
Let x(q) = 8 - 11*q - 11*q + 7*q. Let b(h) = -14*h + 7. Let c(w) = 7*b(w) - 6*x(w). Suppose 4*k - 2*f = -12, -2*f + 19 = -3*k + 2*f. What is c(k)?
9
Let o(u) = 12*u + 185 + 27*u + 25*u - 48*u. Determine o(-12).
-7
Suppose 8 + 35 = 3*b - u, -4*b = 4*u - 52. Let a(r) = r**2 - 15*r + 4. Determine a(b).
-10
Let x(a) = -a - 2. Let n(p) = 2*p + 48. Let u be n(-16). Suppose 16*f - 12*f = u. Suppose 0*v - 4*v + t + 12 = 0, -12 = -f*v - 4*t. What is x(v)?
-5
Let d(z) = 24*z - 187. Suppose 64*f + f - 50 = 470. Determine d(f).
5
Let r(s) be the first derivative of 3*s**2/2 + 21*s - 8932. Determine r(-22).
-45
Let w(i) = -1 + 279*i**2 + 7 - 12*i - 7 + 2 - 278*i**2. Give w(13).
14
Let g be 0*(275/20 + -14). Let y(q) be the second derivative of -1/2*q**2 - 1/6*q**3 + g - 12*q. Determine y(-1).
0
Suppose -2*c + 34 = 2*z, -39 - 20 = -3*z + c. Let f(u) = 3*u - 31. Determine f(z).
26
Let a = 57 + -52. Suppose -a*f - 89 - 11 = o, -3*o - 313 = 2*f. Let n be 1 - 1 - 3 - o/15. Let d(q) = 3*q - 6. Give d(n).
6
Let g(m) be the second derivative of -m**3/6 - 6*m**2 + m. Let v(o) = -26*o + 68. Let n be v(3). What is g(n)?
-2
Suppose -51 = -5*z - g, 41*g = 5*z + 46*g - 75. Let y(k) = -k**3 + 10*k**2 - 9*k - 3. Calculate y(z).
-3
Let f(z) = 2*z + 1. Suppose -i = -2*w + 46, -4*i + 2*w + 72 - 268 = 0. Let c be (-460)/i*15/6. Suppose -5*h = 3*q + c, 0 = 2*q - q - h + 5. What is f(q)?
-11
Let q = -1291 - -1318. Let h(u) = u**2 - 30*u + 85. What is h(q)?
4
Let h(x) = 54*x**3 + 2*x**2 + 3*x - 9. Let u(r) = 43*r**3 + 2*r**2 + 2*r - 10. Let g(d) = 4*h(d) - 5*u(d). Give g(0).
14
Let m(o) = 5*o + 123 + 3*o - 212 + 126. Calculate m(-6).
-11
Let f(i) = 1 - 27*i**3 + 17*i**3 - 33*i**3 - 2*i - 2 + i. Calculate f(-1).
43
Suppose v - 79 = -3*s - 65, 4*s - 57 = -3*v. Let z(h) = -3*h + 74. Determine z(v).
5
Let w(c) = 6*c - 19*c**2 + 10 + 35*c**2 - 14*c**2. Let p be w(-2). Let n(y) = -4*y + 3*y - y. Determine n(p).
-12
Let s(l) be the second derivative of -l**3/3 - 7*l**2/2 - 32*l. Let v(q) = -4*q - 13. Let z(d) = 5*s(d) - 3*v(d). Suppose -2*f = -0*f + 10. Give z(f).
-6
Suppose -2 = -w + 1. Let j(a) = -w*a**2 - 1 + 4*a**2 - 2*a - 2. Let p = -2104 + 2108. What is j(p)?
5
Let c(g) be the first derivative of g**2/2 + 4*g + 138. Suppose 12 = 7*t - 9. What is c(t)?
7
Let v(b) be the third derivative of -b**5/60 + 7*b**4/24 - 17*b**3/6 - 1186*b**2. What is v(2)?
-7
Let k(o) = -21*o**2 - 105*o + 111*o - 25*o**2 + 47*o**2. Let j(z) = 6*z - 12 - 8*z + z. Let s be j(-8). Give k(s).
-8
Let z(v) = -v**2 - 17*v - 15. Let k be z(-16). Let j(q) = -3 - k - 2 + q - 5. Let x be (6 - 117/13) + 3. Calculate j(x).
-11
Let d(j) = -55*j**2 - 48*j + 17*j**2 - 7 + 34*j**2 - 44*j. Give d(-23).
-7
Suppose 994*o - 997*o - 2*u - 73 = 0, o + 5*u - 6 = 0. Let f(k) = k + 43. Give f(o).
14
Suppose -171*t = -172*t - 16. Let s(n) = n**3 + 17*n**2 + 20*n - 3. Determine s(t).
-67
Let z(m) = 19*m - 131 + 9 - m**2 + 39. Give z(12).
1
Let k(z) = -z + 3. Let r be (-4 + 2 - -54) + -2. Suppose -2*y + 5*t - 2*t + 88 = 0, 145 = 3*y + 2*t. Let n = r - y. Calculate k(n).
0
Let x be 1/(-2 - 5/(-5)). Let c(a) = -a**3 - 2*a**2 - 3*a - 2. Let h be c(x). Let v(u) = 10*u**2 + h - 4*u - 4*u**2 + 2*u**3 - 5 - 3*u**3. Give v(5).
0
Let w(m) be the second derivative of m**4/12 - 3*m**3/2 - 9*m**2/2 + 51*m. Suppose -6 = -5*x + 44. Calculate w(x).
1
Let z(j) = -133833*j**2 + 12*j - 1 + 66914*j**2 + 66920*j**2. What is z(-8)?
-33
Let j(l) = 5*l - 6. Let m(p) = p - 2. Let n(f) = j(f) - 6*m(f). Calculate n(-9).
15
Let d(v) be the first derivative of -3*v**4/2 - v**3 - v**2/2 + 3*v - 5121. Calculate d(-3).
141
Suppose 595 = 6*i + 619. Let f(n) be the first derivative of -n**3/3 - 2*n**2 - 3*n - 20. What is f(i)?
-3
Let a(c) = -2*c. Let k(s) be the third derivative of -s**4/6 - s**3/6 + 64*s**2. Let m = 2 - 5. Let r(y) = m*k(y) + 5*a(y). Determine r(-6).
-9
Let p(m) = m**3 - 3*m**2 - 7*m + 4. Let c be p(5). Let n(a) = -c*a + 6*a + 0 - 20 - a**2. Let j be n(-11). Let t(v) = -2*v**2 + v + 2. Determine t(j).
-4
Let r(t) = -97873*t + 97839*t - 4*t**2 + 6*t**2 - 48. Give r(18).
-12
Let p(s) = s**3 - 3*s**2 - 3*s - 2. Let w be p(4). Let r(y) = 7 - w*y + 2*y - 4*y. Suppose -1398*l + 2793*l - 1406*l + 66 = 0. What is r(l)?
-17
Let h(z) = -11*z - 1. Let i be h(3). Let y = 47 + i. Let t(j) = 8*j - 5*j - y - 2*j + 15. Give t(4).
6
Let d(o) = o**2 + 10*o + 18. Let l(g) = 2*g**2 - 10*g. Let n be l(3). Let s be 3 + (n - (-2 + 12/6)). What is d(s)?
9
Let y(w) = w**2 - 10*w + 12. Let z = 14 - 8. Determine y(z).
-12
Let y(f) = -f**2 + 28*f + 252. Let b be 70/(-3)*((-270)/(-20))/(-9). What is y(b)?
7
Let b(l) be the third derivative of -1/60*l**5 + 0*l**4 + 1/120*l**6 + 0*l**3 + 0*l + 0 - 4*l**2. Let m = 55 + -54. Give b(m).
0
Let n = 17977/6 + -2996. Let i(m) be the third derivative of 4*m**2 + n*m**3 + 0*m**4 - 7/60*m**5 + 0 + 0*m. 